)?
1
Let k(s) = s**3 - 7*s**2 + 8*s - 3. What is k(7)?
53
Let s(i) = -i**3 - 6*i**2 - 2*i + 24. Determine s(-5).
9
Let i(p) = p**2 - 7*p - 6. What is i(7)?
-6
Let x(i) = 2*i**3 - 10*i**2 + i - 1. Give x(5).
4
Let z(d) = d - 2. Calculate z(11).
9
Let h(d) = d**3 + 5*d**2 + 2*d - 1. Calculate h(-2).
7
Let f(z) = -82*z + 648. Give f(8).
-8
Let n(j) = j**3 + 21*j**2 + 20*j + 16. What is n(-20)?
16
Let g(t) = 3*t - 1. Calculate g(-4).
-13
Let y(i) = -i**3 - 7*i**2 - 15*i - 10. Calculate y(-4).
2
Let n(o) = o**3 - 16*o**2 + 12*o - 31. What is n(15)?
-76
Let f(l) = 8*l**2 + 166*l - 31. Calculate f(-21).
11
Let j(r) = -9*r**2 - 2*r + 1. What is j(1)?
-10
Let w(l) = 43*l + 1629. Determine w(-38).
-5
Let m(o) = 3*o - 4. Calculate m(4).
8
Let s(t) = t**2 + 14*t + 58. Give s(-6).
10
Let b(z) = -3*z - 20. Calculate b(-12).
16
Let y(g) = -g**2 + 25*g + 58. Calculate y(26).
32
Let d(k) = 8*k**3 + k + 2. Calculate d(-1).
-7
Let o(s) = 3*s**2 - 14*s - 15. What is o(6)?
9
Let z(q) = 2*q**3 + 2*q**2 + 4*q + 4. What is z(-3)?
-44
Let c(h) = -6*h**2 - 4*h - 3. What is c(-2)?
-19
Let l(v) = -4*v - 6. Give l(-2).
2
Let a(g) = g**3 - 20*g**2 + 53*g - 27. Determine a(17).
7
Let p(x) = 2*x**2 - 43*x + 16. Calculate p(17).
-137
Let l(m) = -m**2 - 14*m - 48. Determine l(-8).
0
Let d(q) = -q**2 - 8*q - 25. Determine d(-6).
-13
Let y(o) = -16*o**3 + 1. Give y(1).
-15
Let l(j) = j + 12. Determine l(-9).
3
Let r(n) = -n**2 + 40*n - 289. Calculate r(31).
-10
Let u(l) = 16*l**2 + l + 2. Determine u(2).
68
Let z(h) = 2*h**3 + 129*h**2 - 60*h + 331. Give z(-65).
6
Let q(w) = 78*w**2 + w + 2. Determine q(-1).
79
Let u(b) = -b**3 - 22*b**2 + 25*b - 36. Give u(-23).
-82
Let g(f) = 2*f**2 + f - 9. What is g(-4)?
19
Let o(k) = k**2 + 7*k + 12. Calculate o(-8).
20
Let j(b) = -17*b - 72. Calculate j(-2).
-38
Let g(t) = 50*t**3 - 2*t**2 + 2*t - 1. Determine g(1).
49
Let v(x) = 4*x**3 + 4*x**2 - 2*x - 1. Give v(2).
43
Let h(n) = -38*n + 532. Give h(14).
0
Let z(g) = -g - 12. Calculate z(-8).
-4
Let l(y) = 13*y - 2. Calculate l(1).
11
Let c(l) = 2*l**3 - 4*l - 8. What is c(-5)?
-238
Let p(z) = z**3 - 8*z**2 + 10*z - 179. What is p(9)?
-8
Let q(x) = 2*x**2 + 6*x. Determine q(-3).
0
Let m(y) = -y**2 - 3*y - 4. Give m(-3).
-4
Let h(z) = 5*z**2 + 102*z - 57. Determine h(-21).
6
Let z(i) = i**2 - 9*i + 2. Give z(7).
-12
Let y(j) = -j**2 - j + 32. Determine y(-6).
2
Let m(i) = -2*i**2 - i + 2. Calculate m(3).
-19
Let c(z) = z**3 + 5*z**2 - 13*z - 7. Calculate c(-7).
-14
Let g(r) = -2*r**3 - 9*r**2 - r + 13. What is g(-3)?
-11
Let r(c) = -c**3 - 13*c**2 + 30*c - 4. Determine r(-15).
-4
Let n(b) = 8*b + 3. Calculate n(7).
59
Let y(v) = -v**3 - 4*v**2 + 1. Calculate y(-2).
-7
Let u(h) = -46*h - 323. Calculate u(-7).
-1
Let i(l) = -123*l + 252. What is i(2)?
6
Let z(c) = c**3 - 8*c**2 + 3*c + 9. Calculate z(8).
33
Let y(r) = 10*r + 46. Determine y(-5).
-4
Let j(z) = 130*z - 9. Calculate j(-1).
-139
Let p(c) = c + 8. Give p(-14).
-6
Let m(b) = -8*b**2 + 2*b - 2. Calculate m(1).
-8
Let x(g) = g**2 + 12*g + 29. What is x(-8)?
-3
Let q(w) = 28*w - 10. Calculate q(0).
-10
Let z(b) = 12*b - 66. What is z(6)?
6
Let c(m) = 7*m + 26. What is c(-4)?
-2
Let h(d) = 10*d**3 + 3*d**2 + 3*d + 3. Give h(-2).
-71
Let g(m) = m + 20. Calculate g(-14).
6
Let x(z) = -z**3 + 7*z**2 + 9. What is x(5)?
59
Let n(t) = -94*t**3 + t**2 + 2*t + 1. What is n(-1)?
94
Let z(l) = 10*l**2 + 2*l - 1. Determine z(1).
11
Let l(m) = m**3 + 62*m**2 + 3*m + 160. Give l(-62).
-26
Let l(w) = 4*w - 7. What is l(4)?
9
Let u(z) = z**3 - 10*z**2 + 8*z - 3. Determine u(9).
-12
Let a(u) = -u**3 + 2*u**2 + u - 2. Determine a(2).
0
Let q(p) = -p**2 + 7*p + 2. What is q(6)?
8
Let b(z) = -z**3 + 3*z**2 + 6*z - 11. Determine b(5).
-31
Let u(k) = -k**3 - 3*k**2 + 2*k + 6. Determine u(-5).
46
Let r(s) = -s**2 + 4*s + 36. Give r(7).
15
Let p(s) = -3*s + 23. Give p(10).
-7
Let w(r) = -r**2 + 19*r - 13. Give w(20).
-33
Let p(r) = 3*r**2 + 2*r + 2. What is p(-1)?
3
Let c(p) = -p**2 + 2*p - 6. What is c(-5)?
-41
Let b(o) = -16*o - 2. Calculate b(-1).
14
Let b(t) = -t - 9. Give b(-5).
-4
Let p(w) = w**3 + 11*w**2 + 16*w + 16. Calculate p(-9).
34
Let n(v) = -84*v**3 - 4*v**2 + 4*v + 1. Give n(1).
-83
Let n(i) = -i**3 - 9*i**2 + 3. Calculate n(-9).
3
Let n(o) = -o**3 - 8*o**2 + 2*o + 8. What is n(-8)?
-8
Let g(s) = -s**2 + 41*s - 210. Give g(6).
0
Let a(n) = -n**3 + 18*n**2 + 18*n + 6. What is a(19)?
-13
Let y(u) = 7*u - 25. Determine y(4).
3
Let g(k) = 2*k**3 - 43*k**2 - 20*k - 44. What is g(22)?
0
Let g(s) = s**3 - 25*s**2 - 51*s - 87. What is g(27)?
-6
Let w(t) = 10*t - 27. Calculate w(3).
3
Let s(w) = -w**3 - 19*w**2 - 19*w - 26. Determine s(-18).
-8
Let a(t) = 4*t - 1. What is a(2)?
7
Let i(u) = 9*u**3 - 2*u + 1. Calculate i(1).
8
Let b(z) = -21*z + 1485. Give b(71).
-6
Let q(k) = k**3 + 2*k**2 + k - 10. Calculate q(0).
-10
Let y(o) = -o**3 + 11*o**2 - 20*o + 2. Give y(9).
-16
Let x(h) = 5*h**3 + h**2 - h - 2. Calculate x(-1).
-5
Let c(r) = r + 2. Determine c(-9).
-7
Let z(g) = -3*g**2 - 20*g - 2. Give z(-7).
-9
Let x(t) = t**2 - 2*t + 13. Calculate x(7).
48
Let b(d) = d**3 + 2*d**2 + 2*d + 6. Give b(-3).
-9
Let t(q) = 6*q**3 - 4*q**2 - 2*q + 2. Calculate t(-1).
-6
Let s(p) = 2*p - 11. What is s(8)?
5
Let m(v) = 2*v**3 + 12*v**2 - 13*v - 3. Give m(-7).
-10
Let n(a) = -2*a**3 + 36*a**2 + 38*a - 22. Determine n(19).
-22
Let a(q) = q**2 + 2*q. Determine a(-3).
3
Let f(v) = -7*v - 25. Give f(-4).
3
Let a(g) = -5*g + 5. Calculate a(6).
-25
Let d(t) = 2*t - 16. Determine d(3).
-10
Let h(z) = -z**2 - 2*z + 2. Calculate h(-3).
-1
Let j(h) = 4*h - 3. Give j(6).
21
Let u(t) = -t**3 + 18*t**2 + 21*t - 40. Give u(19).
-2
Let h(y) = 4*y + 26. What is h(-6)?
2
Let t(l) = -2*l - 19. What is t(-7)?
-5
Let t(g) = -g**2 + 1. Determine t(2).
-3
Let x(i) = i - 4. Determine x(12).
8
Let h(g) = -g**3 + 6*g**2 - 5*g + 1. Determine h(5).
1
Let z(u) = -2*u**2 + 2*u - 3. Determine z(1).
-3
Let u(o) = o**3 + 8*o**2 - 3*o - 3. Give u(0).
-3
Let r(p) = 6*p - 7. Give r(1).
-1
Let h(o) = -30*o - 64. Calculate h(-3).
26
Let a(g) = g**3 - 4*g**2 + g - 7. Calculate a(4).
-3
Let o(c) = 2*c - 10. Determine o(5).
0
Let s(j) = j**3 - 4*j**2 - 3*j - 12. Calculate s(5).
-2
Let b(k) = 6*k**2 + k - 11. What is b(0)?
-11
Let z(u) = 2*u**2 + u - 2. Give z(-3).
13
Let s(g) = -g**2 + 10*g + 19. Determine s(12).
-5
Let j(n) = -4*n + 18. Determine j(6).
-6
Let n(v) = -v**3 + 5*v**2. Determine n(5).
0
Let c(l) = -l**2 + 7*l - 19. Give c(8).
-27
Let t(v) = -v**2 + 40*v - 2. Determine t(0).
-2
Let c(x) = -x + 1. Determine c(-2).
3
Let w(h) = -h**3 - h**2 + 4*h - 5. Calculate w(4).
-69
Let z(x) = x**3 + 17*x**2 + 18*x + 50. Calculate z(-16).
18
Let l(g) = -22*g - 9. What is l(-2)?
35
Let h(p) = -p**3 - 10*p**2 + 10*p - 21. Determine h(-11).
-10
Let t(j) = j**2 + j - 7. Determine t(5).
23
Let v(f) = -f**2 + 99*f + 202. What is v(-2)?
0
Let f(k) = k**3 + 7*k**2 - 6*k + 11. Give f(-8).
-5
Let i(v) = -5*v - 4. What is i(-5)?
21
Let r(z) = -z**2 + 22*z + 5. Determine r(22).
5
Let s(f) = f**3 + 7*f**2 + 7*f + 121. Give s(-8).
1
Let x(z) = -z + 10. What is x(3)?
7
Let j(x) = -12*x - 111. Calculate j(-10).
9
Let g(d) = -d**3 + 27*d**2 - 5*d + 63. Determine g(27).
-72
Let d(z) = z**3 - 10*z**2 + 9*z + 15. Determine d(9).
15
Let k(s) = s**2 - 13*s + 18. Determine k(10).
-12
Let a(g) = -g - 24. Determine a(-24).
0
Let t(f) = -f**2 + 7*f - 6. Calculate t(8).
-14
Let b(x) = x**3 - 22*x**2 - x + 27. Calculate b(22).
5
Let h(g) = g**2 + 75*g + 354. Give h(-70).
4
Let h(d) = d + 53. Calculate h(-53).
0
Let x(o) = o**3 + 2*o**2 + 5*o - 6. What is x(-3)?
-30
Let z(o) = o**3 + 6*o**2 + 7*o + 4. Determine z(-5).
-6
Let x(m) = 5*m + 22. What is x(-9)?
-23
Let l(r) = -38*r - 4. Give l(1).
-42
Let s(d) = 4*d + 6. What is s(-3)?
-6
Let t(o) = o**3 + 13*o**2 + 20*o - 15. Calculate t(-11).
7
Let y(q) = 5*q + 10. Give y(1).
15
Let u(h) = -h**3 + 2*h**2 + 2*h - 6. Calculate u(3).
-9
Let q(x) = 2*x**3 + 4*x**2 - 3*x + 6. Determine q(-4).
-46
Let i(k) = k**3 + 5*k**2 - 4*k + 6. Give i(-5).
26
Let k(j) = 16*j - 32. Determine k(4).
32
Let m(h) = 5*h**2 - 4*h + 6. Determine m(-3).
63
Let p(l) = l**3 - 11*l**2 + 5*l - 6. Calculate p(10).
-56
Let v(z) = -z**3 - 4*z**2 + 3*z + 4. Determine v(-4).
-8
Let p(r) = 8*r**2 + 42*r + 12. What i